m(o) = -71*o - 15. Suppose -17 = 859*t - 858*t. What are the prime factors of m(t)?
2, 149
Let i = -12114 - -47999. List the prime factors of i.
5, 7177
Suppose -61*m = -68*m + 105. List the prime factors of (-21225)/(-20) - m/(-20).
2, 3, 59
Let j be (75/(-35) - -3)*4445. Suppose -17*w = -12565 + j. List the prime factors of w.
5, 103
List the prime factors of -16 + 4 + 5125 + 25.
2, 7, 367
Let i(z) be the third derivative of z**4/3 + 23*z**3/3 - z**2 - 2274. Let h(k) = -5*k - 1. Let n be h(-4). What are the prime factors of i(n)?
2, 3, 11
Suppose 26693 + 5383 = -11*d. Let b = d - -4123. List the prime factors of b.
17, 71
Let i = 3977 + -2097. Let c = -1032 + i. List the prime factors of c.
2, 53
Let z(i) = i**3 - 4*i**2 - i + 10. Let v be z(-3). What are the prime factors of ((-180)/v)/((-6)/(-1220))?
2, 3, 61
Suppose 34*g - 104845 = 37853. Let v = -2907 + g. List the prime factors of v.
2, 3, 5, 43
What are the prime factors of (-3)/(-12) + (133629/12 - (-1 + 0))?
7, 37, 43
Suppose -3*q + 27 = -3*x, q = 2*x - 3*x - 1. Let u be (-13)/(-5) + (-12)/x + -3. List the prime factors of -3 + 64*u + -1.
2, 31
Let s(h) = 58*h**2 + 3*h + 73. What are the prime factors of s(-12)?
8389
Suppose -x - 3*m + m + 18 = 0, -m + 63 = 5*x. Let g(d) = d**2 + 10*d + 193. Let f be g(-17). Suppose 0 = 9*n - x*n + f. What are the prime factors of n?
2, 13
Let u(i) = -517*i + 64. Let k be u(30). List the prime factors of k/(-22) - 3/33.
2, 3, 13
Let t(k) = 17*k**2 - 3*k + 45. What are the prime factors of t(5)?
5, 7, 13
Let p(x) = 38*x**3 - 8*x**2 + 2*x - 106. List the prime factors of p(7).
2, 5, 251
Let p = -2941 - -4442. Suppose -2*y + 5*d = -p, -4*d = -2*d + 6. What are the prime factors of y?
743
Let s = 71 + 2. Suppose 2*x - 468 = -4*g, 0 = 2*g + 2*x - s - 157. List the prime factors of g.
7, 17
Let y(g) = -39*g - 3 - 177*g - 181*g. List the prime factors of y(-1).
2, 197
Suppose -82*g - 5*f + 7663 = -79*g, -2*f = -5*g + 12689. What are the prime factors of g?
3, 7, 11
Let b = 146 + 665. Let v = -465 + b. List the prime factors of v.
2, 173
Suppose 0 = -6*q - 9*q - 1935. What are the prime factors of (1 + 10/(-4))/(q/4988)?
2, 29
Suppose -13*l - 80 = -5*l. Let s(x) = x**3 - 13*x + 0*x**3 + 0*x**3 - 23 + 4 + 11*x**2. List the prime factors of s(l).
211
Suppose -335 = -36*b - 119. Let k(c) = 23*c**2 - 6*c + 67. List the prime factors of k(b).
859
Suppose 0 = 6*t + 3558 - 20994. List the prime factors of t.
2, 1453
Let j(g) = -44*g - 107. Let z(r) = 3*r - 58. Let a be z(10). List the prime factors of j(a).
3, 5
Let k be (-2 + (1 - 2))*(-80)/48. Suppose 1481 + 2411 = k*g - 4*z, 2*g - 3*z = 1554. What are the prime factors of g?
2, 3, 5, 13
Suppose 90687 = -26*y + 263067. What are the prime factors of y?
2, 3, 5, 13, 17
Let x(w) = -103*w + 743. Let n be x(7). Let t be 2/4 - 246/4. Let r = n - t. List the prime factors of r.
83
Suppose 23*i - 60212 = 16148 + 49427. List the prime factors of i.
3, 1823
Let b(j) = -634*j + 7084. List the prime factors of b(8).
2, 503
Let j(s) be the first derivative of -13*s**2/2 + 27*s - 7. Let d(g) = -11*g + 121. Let o be d(12). List the prime factors of j(o).
2, 5, 17
Let x be (-39)/45*-5 - (-1)/(-3). Suppose -u = x*p - 1727, 7*u - 4*u = 2*p - 881. What are the prime factors of p?
433
Let t = 20035 - 10599. What are the prime factors of t?
2, 7, 337
Let g = 32455 - -3134. List the prime factors of g.
3, 11863
Suppose -5*f = 7*i - 23127 - 39288, 4*f + 8940 = i. List the prime factors of i.
2, 5, 223
Suppose -c - 92 = -4*y - 5*c, -5*c + 7 = y. Let q be (y/6)/(2 - 10/4). List the prime factors of (-786)/(-9) - (-3)/q.
3, 29
Let q = -118 - -170. Suppose 103 = f - g - q, -2*f + 3*g = -315. List the prime factors of f.
2, 3, 5
Suppose 2*v + 42 = 3*j, j = 3*v - v + 38. Let z be v/(-4) - (3 + 28/(-8)). Suppose -c - 90 = -5*s, 0 = -s + z*c + 18. List the prime factors of s.
2, 3
Let p(y) = -7*y**2 + 3*y**2 + 7 + 6*y**2 - y + 11. What are the prime factors of p(8)?
2, 3, 23
Suppose -3*w = -4*j - 3229, 2*w + 3*j = 3*w - 1068. Suppose 3787 = 5*p - w. What are the prime factors of p?
2, 487
Let q(s) = -9*s**3 + 4*s**2 + 13*s + 7. Let v be q(-5). Let t = v + -761. What are the prime factors of t?
2, 7, 29
List the prime factors of 2/(-44) - (-26667184)/352.
3, 25253
Let u be (-2)/((-266)/(-267) - 1). Let n = u - 456. List the prime factors of n.
2, 3, 13
Let i(h) = 14*h**2 - 51*h - 45. List the prime factors of i(80).
5, 13, 263
Let p be (-8)/(-32)*(4 + 0)*-1. Let z(a) = -416*a**3 + a**2 + 2*a + 1. What are the prime factors of z(p)?
2, 13
Suppose 5*z = -6*r + 134621 + 96782, 138895 = 3*z - 4*r. What are the prime factors of z?
41, 1129
Let h(t) = -22*t**3 - 4*t**2 + 36*t + 299. List the prime factors of h(-9).
29, 541
Suppose 3*g - 19767 = 5*m, 0*g + 2*g - 13178 = 2*m. What are the prime factors of g?
11, 599
Let u(s) = -4*s. Let o be 13*(2*3/6 + -2). Let w be u(o). Suppose -w = -2*i + 54. List the prime factors of i.
53
Let i = 71 + -69. Suppose 85 = i*a - 31. Suppose 72*p + a = 73*p. What are the prime factors of p?
2, 29
Suppose 0 = 60*r - 66*r + 2700. Suppose 0 = -m - 2*b + 453, 6*b - r = -m + 3*b. What are the prime factors of m?
3, 17
Let o be -1 + 708/8 + (-27)/(-18). Let v(b) = 2*b**2 - 10*b + 4. Let h be v(7). Let d = o - h. What are the prime factors of d?
3, 19
Suppose -5*i - 28205 = -2*o, -70590 = -5*o + 6*i - 9*i. List the prime factors of o.
3, 5, 941
Let n(u) = u**3 - 3*u**2 + 2*u + 2. Let j be n(2). Let f be (j*9/(-6))/((-2)/36). Suppose r + 18 - f = 0. What are the prime factors of r?
2, 3
Suppose 0 = -p + 3*p - 36. Suppose 2*y + p*f = 13*f + 266, 2*y - 282 = 3*f. List the prime factors of y.
2, 3, 23
Suppose -21*k = -23*k - 5*r + 6731, k - 3360 = 3*r. What are the prime factors of k?
3, 19, 59
Let u(c) = c**3 - c**2 + c + 1. Let h(l) = -13*l**3 - 9*l**2 + 9*l + 4. Let x(w) = -h(w) + 6*u(w). List the prime factors of x(2).
2, 5
Suppose -133*d + 116*d = -1056499. What are the prime factors of d?
29, 2143
Let i = -621 + 625. Suppose 0 = -5*r + i*r + 1952. List the prime factors of r.
2, 61
Let j be 8*(3 + (-380)/16). Let f = 228 + j. What are the prime factors of f?
2, 31
Suppose 49 - 4 = 3*q. Suppose 3*j - 4*j = -3*k + q, 2*j + 6 = 0. Suppose -5*s + k*t + 556 = 0, 3*s - 161 - 159 = -t. What are the prime factors of s?
2, 3
Let i = -24505 + 34956. What are the prime factors of i?
7, 1493
Let o(n) = -8*n + 5*n + 7*n + 40. Let j be o(-9). Suppose j*c = 5*t - 4*t + 958, -5*c = -5*t - 1190. List the prime factors of c.
2, 3, 5
Let f = -617 - -13927. What are the prime factors of f?
2, 5, 11
Let n = 143 - 147. What are the prime factors of 1/n + 6/(-48)*-1698?
2, 53
Let n(w) = 21*w**2 - 257*w - 31. List the prime factors of n(28).
3, 3079
Let u(d) = -d**2 - 8*d + 33. Let h be u(-11). Let f(t) = -8*t + 2*t**3 - 63*t**2 - 12 + h + 60*t**2. List the prime factors of f(6).
2, 3, 11
What are the prime factors of 107/1070 + (-908170)/(-300) + (-4)/(-6)?
2, 757
Let g(p) = 29*p**2 - 36*p + 259. What are the prime factors of g(10)?
3, 311
Suppose 4*h = -4*r + 20, 4*h + 4*r - 21 = -r. Let u be h/18 - 65/9. List the prime factors of (u/3)/(27/(-1701)).
3, 7
Suppose -3*v = -x - 175, 2*v = -x + 154 - 29. Suppose v*q = 58*q + 1948. List the prime factors of q.
2, 487
Let l = -373 - -4022. What are the prime factors of l?
41, 89
What are the prime factors of 1*2566 - 13/((-26)/(-10))?
13, 197
Suppose 864 = -6*d - 10*d. What are the prime factors of (d/8 + 12)/(6/872)?
7, 109
Suppose 17265 = 2*i - b, -5*b - 38 = -13. List the prime factors of i.
2, 5, 863
Suppose -5145 - 105359 = -19*c. List the prime factors of c.
2, 727
Suppose -2*d + 5*o + 14 = 0, -3*d + d + o = -6. Let j be (-3)/(-2) - (-31)/d. Let b = 49 - j. What are the prime factors of b?
2
Suppose 75 - 1919 = -2*r. What are the prime factors of r?
2, 461
Let o be (3942/5)/((-202)/(-505)). Let k = o + -378. What are the prime factors of k?
3, 59
Let w be (-2)/20 - 49621/(-110). Let f = 695 - w. List the prime factors of f.
2, 61
Suppose 1324 + 157 = i. Suppose 6*g - 4199 = -i. What are the prime factors of g?
3, 151
Let j(m) be the third derivative of 2/3*m**4 - 2*m**3 + 0 + 0*m + 4*m**2. What are the prime factors of j(4)?
2, 13
Let q be 18*28/147*7. List the prime factors of 7716/q - 2*